 be w(y). Calculate the highest common factor of v and 27.
9
Let b be 1/5 + (-2445)/(-525)*161. What is the greatest common factor of b and 800?
50
Let u(n) = 89*n + 1477. Let y be u(-14). Calculate the greatest common divisor of 2464 and y.
77
Suppose 42 = 1329*l - 1322*l. Suppose 4*y + h = -y + 1767, -4*y + 3*h + 1425 = 0. What is the greatest common divisor of l and y?
6
Let x be (-9)/2*(-8)/6. Suppose 0 = -5*q + 3*q + 4. Suppose 2*v = -2*c + 34, 0 = v + q*v + 12. Calculate the greatest common factor of x and c.
3
Let b be 3*(3/(-2))/(12/(-360)). Let p = 139 + -49. Calculate the greatest common factor of p and b.
45
Let n(p) = 36*p + 6. Let y be n(-2). Let a be (y/24)/11 + (-114)/(-8). Suppose -4*h + 6*h = a. What is the greatest common factor of h and 77?
7
Suppose -l + 46 = -17. Suppose -2*c - l = -9*y + 4*y, 12 = -3*c. Suppose 350 = 16*d - y*d. What is the greatest common divisor of d and 28?
14
Let k be ((-528)/10)/((-92)/230). What is the highest common factor of 20 and k?
4
Suppose 0 = 8*t - 447 + 143. Calculate the highest common divisor of 893 and t.
19
Suppose w - c - 5 = 0, -9 = 8*w - 13*w + c. Let m = -9 - -5. Let k be w/(2/(-1288)*m + 0). What is the greatest common divisor of 23 and k?
23
Let t be (-10)/(-4)*(-20)/(-25). Let h = -67572 + 67594. Calculate the greatest common divisor of t and h.
2
Let x(p) = p**2 + 29*p - 27. Let w be x(-30). Let q be w/(-7) - 1161/(-63). What is the greatest common factor of 126 and q?
18
Let c = 17955 + -16665. Calculate the greatest common factor of 66 and c.
6
Suppose 0 = 46*g - 328 - 178. Suppose 0 = -7*n - g*n + 180. What is the highest common factor of n and 280?
10
Suppose -5*c - 26 + 106 = 3*h, 5*h = -2*c + 146. Suppose -3*g - g = 0. Suppose 2*o + g*o - 420 = 0. Calculate the greatest common factor of o and h.
30
Let v = 170 + -168. Suppose 0 = -v*f + 6*f - 156. What is the highest common divisor of f and 13?
13
Suppose 2*q - 8 = -5*x + 1, -45 = -4*q - x. Let b(y) = y**2 + 10*y - 15. Let r be b(-15). Calculate the greatest common factor of q and r.
12
Let t(h) = -175*h**3 + h**2 - h - 1. Let y be t(-1). Let n(u) = -u**3 + 26*u**2 - 47*u - 16. Let k be n(24). What is the greatest common factor of y and k?
8
Let x = 3292 - 3243. Let q be (63/(-6))/((-2)/84). Calculate the greatest common divisor of x and q.
49
Let n = -32097 + 33840. What is the highest common divisor of n and 42?
21
Let f = -2152 - -3634. Calculate the highest common divisor of 312 and f.
78
Let p(b) = 2*b**2 + 24*b + 74. Let c be p(-6). Suppose -c*u = -4*u, 5*u = -5*r + 125. Calculate the greatest common factor of r and 35.
5
Suppose 28*t - 7250 - 1710 = 0. Calculate the greatest common factor of t and 880.
80
Suppose 0 = 4*r - 3*d, d - 18 = -2*r - 2*d. Let p = r + 0. Suppose -24 = -3*a - p. Calculate the greatest common factor of 77 and a.
7
Suppose 3*l + 35 + 108 = 4*x, -4*x - 5*l + 103 = 0. What is the highest common factor of x and 2352?
16
Let q(c) = 57*c + 5373. Let j be q(-93). What is the highest common factor of 11 and j?
1
Suppose -20*q = -23 - 197. Calculate the greatest common divisor of q and 990.
11
Suppose 0 = 8*a - 5*a, 0 = -3*l + 2*a + 15. Let w = 92 - 94. Let r be (w/5)/(12/(-30)). Calculate the greatest common factor of r and l.
1
Let j(a) = 73*a + 3. Let y be j(5). Suppose -5*r = -x - 254 + 208, 0 = -5*r - 7*x - 2. Calculate the highest common divisor of r and y.
8
Suppose -5*n - 2*t = -1174 + 137, 2*t = -4*n + 828. Let s = 11 - 11. Let d = s - -19. Calculate the greatest common factor of d and n.
19
Let d be 107 + 5 - (25 + -27). What is the highest common divisor of 18 and d?
6
Suppose -l = 2*z - 11375, 4*l - 39*z = -35*z + 45416. Calculate the greatest common divisor of 21 and l.
21
Let m be (3 - 4)*27813/(-11) + (-1926)/(-3531). What is the highest common factor of m and 72?
9
Suppose -66*i + 46154 - 1291 = 53*i. Calculate the greatest common divisor of i and 1.
1
Suppose -t = 2*w - 177, 4*t - 738 = -7169*w + 7166*w. What is the highest common divisor of t and 1539?
27
Let j(a) be the first derivative of 4*a**2 + 17*a + 216. Let m be j(18). Calculate the highest common factor of 7 and m.
7
Let g = -719310 + 719358. Suppose 2*i - 214 = -y - 0*y, -3*y + 2*i = -682. Calculate the highest common divisor of y and g.
16
Let o be (5 - -5 - 9)/((-2)/(-6)). Suppose -b = -5*b + 5*y + 405, 3*b - o*y - 303 = 0. Calculate the highest common divisor of 80 and b.
20
Let g = -17226 - -18294. Calculate the greatest common divisor of g and 348.
12
Suppose -4*d = 1104*a - 1102*a - 1838, -4*a + 4 = 0. What is the greatest common divisor of 54 and d?
27
Let q be 2/6 - 160/(-15). Let a be -3 - (-30)/8 - (-1)/4. Let g be (2*(-3)/(-12))/(a/2). What is the highest common factor of q and g?
1
Suppose -9 + 15 = 2*x. Suppose 0 = 6*l - x*l - 15, 0 = -2*b - 4*l - 50. Let w = 80 + b. Calculate the highest common divisor of w and 15.
15
Let s = 28100 + -28028. Calculate the greatest common factor of s and 632.
8
Suppose 6*j = 18*j - 9*j - 72. Calculate the highest common divisor of 2248 and j.
8
Let m(f) = f**3 + 19*f**2 - 20*f - 2. Let u be m(-20). Let n be 2*u*(-1 + 67)/(-6). Suppose 0 = 2*o + 18 - 84. Calculate the highest common divisor of n and o.
11
Let s be -79 - 36/(-6) - 6. Let n = 88 + s. Calculate the greatest common factor of n and 63.
9
Suppose 55*w - 61*w + 150 = 0. Let g = 364 - 361. What is the greatest common divisor of g and w?
1
Suppose 0 = 60*g - 67*g + 3234. Let d = g + -435. Calculate the highest common divisor of 30 and d.
3
Let s be -9 - -1*(-5 + 0). Let f be -1 - 100/s - (-6)/(-42). Calculate the highest common factor of 6 and f.
6
Suppose -4*c - j = -44, -c + 5*c + 2*j = 40. Let n be 0 + c/(-3) - -56. Let s = n + -44. Calculate the highest common divisor of 80 and s.
8
Let y = -101 - -61. Let l be y/(-6)*51/34. Calculate the highest common factor of l and 35.
5
Suppose -2*z = 2*g - 0*g + 666, -5*z = -4*g - 1341. Let f = g + 510. Calculate the highest common factor of 16 and f.
16
Let t(y) = 4*y - 15. Let v be t(5). Suppose -u - v + 12 = 0. Let g(r) = -25*r + 6. Let k be g(-2). Calculate the greatest common factor of k and u.
7
Suppose 2299 = -2137*g + 2148*g. Calculate the greatest common divisor of g and 247.
19
Let a(d) = -2*d**2 + 58*d + 130. Let k be a(31). Suppose -4*g + 1322 = 18. Suppose 5*p + 2*r = g, 4*r = -r - 10. Calculate the highest common factor of p and k.
6
Let k = 5277 - 4061. What is the highest common divisor of k and 456?
152
Let k = 530 - 520. Let n be -5 - (-81)/8 - (-1)/(-8). What is the greatest common factor of n and k?
5
Let n(h) = h**3 + 14*h**2 + 22*h - 95. Let f be n(-5). What is the greatest common divisor of f and 485?
5
Suppose -5*p - 2340 = -4*r, -290*r = -295*r - p + 2896. Calculate the greatest common divisor of 28130 and r.
290
Suppose 151*w + 35 - 1847 = 0. Let y = 0 + 1. Let r be 10/4 + y/2. What is the greatest common divisor of w and r?
3
Suppose 2*l + l = 78. Let r = l - -4. Let x = 48 - r. What is the greatest common factor of x and 18?
18
Suppose 16*a - 166 = 12*a + 5*g, 0 = -4*a - 4*g + 148. Suppose -3*t + 138 - a = 0. Calculate the greatest common divisor of 165 and t.
33
Suppose 96 = 2*t + 2*s, -5*s + 10 = -10*s. Suppose 5*w = -20*w + t. What is the highest common divisor of w and 32?
2
Suppose -2*o + 18 = 24. Let b be 33/22*(-16)/12*o. Calculate the highest common factor of 222 and b.
6
Let y(l) = 1322*l**3 + 0 - 15*l - 18 - 14*l**2 - 1323*l**3. Let h be y(-13). Suppose h*x + 315 = 11*x. What is the greatest common factor of x and 21?
21
Let w(r) = -32*r + 1174. Let z be w(36). Calculate the highest common divisor of 2376 and z.
22
Suppose -5*m - 9*y + 200 = -6*y, 3*y = -4*m + 163. Let a be (13 + 17)*m/2. What is the highest common factor of 15 and a?
15
Suppose 9*t = 96 + 120. Let o be (3 + -4)/(-1)*-28. Let s = o - -40. Calculate the highest common divisor of t and s.
12
Suppose -5 = -3*r + 64. Let h be -1 + 4 + 0 + -3. Suppose 0 = i - h*g + 3*g - 167, -475 = -3*i + 4*g. Calculate the highest common factor of i and r.
23
Let o = 21880 + -21709. Calculate the highest common divisor of o and 4047.
57
Let q(u) = 193*u + 2133. Let h be q(-11). Calculate the greatest common factor of h and 35.
5
Let c(j) = -j**3 + 12*j**2 - 38*j + 209. Let k be c(8). What